at is the units digit of u(2)?
9
Suppose 4*l + 6*k = 40280, 9*l = 6*l + 4*k + 30210. What is the tens digit of l?
7
Suppose -82*p = -87*p. Suppose 4*x - 8*x + 3*k + 14 = p, -k = x. What is the hundreds digit of 19 + -15 + 135 + x?
1
Let s be ((-16)/6 - -2)*1014/(-4). Let q = s + -168. What is the units digit of q?
1
Let x(j) = -7*j - 2. Let t(c) = -7*c - 3. Suppose -11 = -3*n - 2. Let i(q) = n*x(q) - 4*t(q). What is the tens digit of i(6)?
4
Let w(d) = d**3 + 17*d**2 - 18*d - 22. Let k(l) = -l**3 + l**2 + 1. Let m(j) = -2*k(j) - w(j). What is the units digit of m(19)?
2
Let v be ((-6)/(-5))/((-1)/175). Let c = -937 - -1331. Let a = v + c. What is the tens digit of a?
8
Suppose 5*b + 3*o + 183 = 0, 4*b + 82 = 2*o - 60. Let h = b + 44. What is the tens digit of 1114/h - (18/(-8))/3?
4
Suppose a + 0*m - 4*m - 5006 = 0, 3*a - 15098 = -4*m. What is the tens digit of a?
2
Suppose -187*y = -190*y + 33. Let j(o) = -o + 135. What is the units digit of j(y)?
4
Suppose 0 = -7472*o + 7479*o - 26425. What is the tens digit of o?
7
Suppose 10*a = 3*a + 28. Suppose 5*p - 2*p - 3178 = -a*v, 3*p = -3*v + 2385. What is the tens digit of v?
9
Let w(h) = -h**2 - 34*h - 32. Suppose -l = -3*u + 7*u + 51, u = -l - 12. What is the hundreds digit of w(u)?
2
Let n(f) = f**3 - 17*f**2 - 13*f - 14. Let q be n(17). Let w = 314 - q. What is the units digit of w?
9
Suppose -97*q = -94*q - 4*r - 4315, 5790 = 4*q + 2*r. What is the units digit of q?
5
Suppose 8*l + 20 = 13*l, 0 = -5*v + 3*l + 8. Suppose -591 = 15*i - 16*i + 5*r, v*i - 2330 = 3*r. What is the units digit of i?
1
Let k(v) = -1872*v + 8698. What is the units digit of k(-25)?
8
Let h(i) = 372*i**2 + 56*i + 270. What is the ten thousands digit of h(-9)?
2
Let g(h) = h**3 + 2*h - 2. Let u be g(0). Let p be (-5)/u*(4 + -6). Let a(q) = -13*q + 21. What is the units digit of a(p)?
6
What is the units digit of 10/(2/(6770 - -16))?
0
What is the units digit of 8*(65/40 + -2) - (1 + -271)?
7
What is the thousands digit of (-2 + -63)/((-29)/8062)?
8
What is the tens digit of 4/44*67601 + 6/(-11)?
4
Let o(q) = -44*q**3 - q**2 + q - 6. Let d(v) = 88*v**3 + v**2 - 2*v + 11. Let p(f) = -3*d(f) - 5*o(f). What is the tens digit of p(-2)?
5
Let g(k) = 62460*k**2 - 5*k + 5. What is the units digit of g(1)?
0
Let k(d) = 9*d**3 - 3*d**2 - 13*d + 5. Suppose -4*g + 271 = 255. What is the units digit of k(g)?
1
Let q = 299 - 123. Let g(n) = -n**2 + 9*n. Let k be g(-7). Let y = k + q. What is the tens digit of y?
6
Suppose -26*c + 24*c - 32 = 0. Let o be (20/c)/(5/(-60)). What is the tens digit of 5/(o/(-231))*21/(-7)?
3
Let p be ((-2)/(-6))/(3/(3*12)). Suppose 3*z - 549 = p*a - 1508, 2*a - 490 = -2*z. What is the tens digit of a?
4
Let l(w) = w**3 + 13*w**2 - 25*w + 17. Let q(d) = 2*d**3 + 25*d**2 - 50*d + 32. Let s(v) = 7*l(v) - 4*q(v). What is the hundreds digit of s(-14)?
6
Suppose -4980906 = 531*b - 594*b. What is the thousands digit of b?
9
Suppose 890806 = 13*n + 319339. What is the tens digit of n?
5
Suppose 3*t - 4 = 2. Suppose k - 14*k = -t*k. Suppose 3*q + 68 - 167 = k. What is the tens digit of q?
3
Suppose -735607 = -10*p + z, 0 = -3*p - 0*z + 3*z + 220674. What is the tens digit of p?
6
Suppose 38*q - 198388 = -33050. What is the hundreds digit of q?
3
What is the thousands digit of -66 + 10320 + (1/((-1)/2) - -4)?
0
Suppose 6*m + 2*d - 92386 = 0, -1337*d + 1341*d = -5*m + 76979. What is the thousands digit of m?
5
Let a be ((-2)/(-4))/(9/6 + -1). Let d(p) = 291*p**3 + p**2 + p. What is the hundreds digit of d(a)?
2
Let o(c) = -c**2 + 25*c - 15. Suppose -4*r + 5*r = -4*w + 31, 0 = 3*w + 2*r - 17. What is the units digit of o(w)?
9
Suppose -5*r + o - 3*o = -47, -2 = -2*o. Let p be 60 + 7/(21/r). What is the units digit of p - 1 - (2/(-2) - -2)?
1
Let p be (-2)/9 - 20/(-9). Suppose -2*m + 76 = -j, -4*j = -p*m - 3*m + 184. What is the tens digit of (9/(-6) + 1)*0 + m?
4
Suppose -5*f + t + 2*t = 1485, 1485 = -5*f - t. Let z = -264 - f. What is the tens digit of z?
3
Let b(s) = -3*s - 19. Let w be b(0). Let o = w - -20. Suppose -v = -o - 26. What is the units digit of v?
7
Suppose -19*r = 106 - 11. What is the hundreds digit of 3*(1464/18 + r)?
2
Let n be (-472)/(-26) + (12/78)/(-1). Suppose -5*r + n = 2*h - 6, -4*h + 104 = -4*r. What is the units digit of h?
2
Suppose 3*c + t = -10 - 45, 0 = -4*c - 3*t - 70. Suppose -4*h = 6*i - 4, 2*h = 3 - 7. Let f = i - c. What is the tens digit of f?
2
Suppose 3*y - 4956 = -3*y. Suppose -1526 = -8*w + y. What is the hundreds digit of w?
2
Let g(q) = -6*q + 21*q**2 + 5*q + 75 - 85. What is the hundreds digit of g(3)?
1
Let q be 32/(-24)*(-174)/(-4). Let p(y) = -y**2 - 21*y + 8. Let n be p(-14). Let m = q + n. What is the tens digit of m?
4
Let h = -358 - -361. Suppose h*u - 1304 = -2*r, -3*u - 2661 + 690 = -3*r. What is the hundreds digit of r?
6
Let h(b) = 7*b**3 - 11*b**2 - 5*b + 3. Let q be h(2). Suppose 0 = -q*g + 2*c + 6640, -g - c - 118 = -1446. What is the tens digit of g?
2
Let r be ((-15)/(-12))/(-5) + 39/12. Let h be 1 - (-3 + (-4)/4). Suppose 2*x = h*g + 117, -34 = -4*x + r*g + 207. What is the tens digit of x?
6
Suppose 14*u = -12*u + 28*u - 25644. What is the ten thousands digit of u?
1
Let o(u) = -u + 20. Let r be o(15). Suppose 5*t + r*g - 450 = 0, 3*g - 126 = 4*t - 479. What is the tens digit of t?
8
Suppose -332*g + 486*g = 6304298. What is the tens digit of g?
3
Suppose u - 182 = -5*m, 4*u - 603 = u + 4*m. Suppose 5*l + 2*a + 19 = 362, -3*l + a + u = 0. What is the tens digit of l?
6
Suppose -d + 29 = -4. Let j = 26 - d. Let u = j - -49. What is the units digit of u?
2
Let m = 342 - 287. Suppose -m*d - 2270 = -65*d. What is the units digit of d?
7
Suppose 10*a - 44 = -4. What is the hundreds digit of (-1790)/a*40/(-50)?
3
Let q(c) be the third derivative of -c**6/120 - c**5/30 + c**4/8 + c**3/6 + 10*c**2. Let o be q(-4). Suppose -80 + o = -g. What is the units digit of g?
9
Suppose -11*t + 617914 = 11*t. What is the tens digit of t?
8
Let f = -382 - -385. Suppose f*t = n + 5*t - 587, -16 = 4*t. What is the units digit of n?
5
Suppose -2*k + 95 + 9 = 0. Let u = k - 49. Suppose 4*s = -3*o + 243 + 104, 5*s - 346 = -u*o. What is the tens digit of o?
1
Let s be (-57560)/(-26) + 12/78. Let c be s/(4/4)*-1. What is the tens digit of c/(-30) - (1 - 6/5)?
7
Let r = -20614 - -28951. What is the tens digit of r?
3
Suppose -11*b - 120 = -14*b. Suppose 35*w + 1130 = b*w. What is the hundreds digit of w?
2
Suppose 84*w = -99*w + 9095283. What is the hundreds digit of w?
7
What is the thousands digit of -307*((-418)/44)/((-5)/(-2) + -2)?
5
Suppose 2*v - 250 = -3*v - h, 2*v - 100 = -2*h. Let j be ((-3)/(-6) + -2)*1820/(-42). Let b = v + j. What is the units digit of b?
5
Let o = -46 - -55. Let n be (o/4*-2)/(6/36). Let m = -6 - n. What is the units digit of m?
1
Let m be 1/(-1 - 0) - 0/63. What is the tens digit of 24/21 + m + (-178205)/(-203)?
7
Let n be 3/5 + 482/5. Let x = n - 95. Suppose -54 = -h - 4*t + 4, -5*t = -x*h + 64. What is the tens digit of h?
4
Let d = -38 - -62. Suppose -13 = -2*i + 3*g, 0 = -3*i + 8*i + g - d. Suppose 0 = -x + i*h + 124, 35 + 83 = x - 3*h. What is the hundreds digit of x?
1
Let z(s) = -2651*s**3 - 2*s**2 + 2. Let l be z(1). What is the units digit of (2/4)/(3 - l/(-884))?
2
Let g = -42 - -50. Let s be ((-12)/g)/(3*2/(-8)). Suppose -s*j - h = 3*j - 497, 485 = 5*j + 5*h. What is the tens digit of j?
0
Suppose -4*f + 8*f + 8 = 0, 3*f = -a - 8. Let p be 0 + -2 - a - -3. What is the units digit of -2 + (-1 - (-59 - p))?
9
Suppose -68*b + 75*b = 35. Suppose -2*d - 3021 = -b*o, 5*o - 3029 = 7*d - 9*d. What is the hundreds digit of o?
6
Let k(w) = w**3 - 11*w**2 + 5*w - 30. Let b be k(11). What is the tens digit of (13 + (-2)/2)/(b/1250)?
0
Let v be (-9)/18*(267 - -1). Let k(t) = -t**3 - 9*t**2 - 7*t + 2. Let f be k(-5). Let l = f - v. What is the tens digit of l?
7
Let u = 2114 + 5569. What is the thousands digit of u?
7
Suppose -49*w + 349074 = 10*w - 371611. What is the ten thousands digit of w?
1
Suppose -2*a = -5*i - 8 - 0, 24 = -2*a - 3*i. Let h(r) = 2*r + 15. Let g be h(a). Suppose 5*u - 3*j = -0*j + 125, 15 = g*j. What is the units digit of u?
8
Let t = 197 - 194. Suppose t*b = 7*b + 3*c - 1521, 4*b - 3*c - 1503 = 0. What is the hundreds digit of b?